{"id":1638,"date":"2017-05-01T15:03:51","date_gmt":"2017-05-01T13:03:51","guid":{"rendered":"https:\/\/www.amalfi-wanderweg.de\/?page_id=1638"},"modified":"2019-12-16T10:50:59","modified_gmt":"2019-12-16T09:50:59","slug":"sobre-nos","status":"publish","type":"page","link":"https:\/\/www.amalfi-wanderweg.de\/pt\/ueber-uns\/","title":{"rendered":"sobre n\u00f3s"},"content":{"rendered":"<div id=\"pl-1638\"  class=\"panel-layout\" ><div id=\"pg-1638-0\"  class=\"panel-grid panel-no-style\" ><div id=\"pgc-1638-0-0\"  class=\"panel-grid-cell\" ><div id=\"panel-1638-0-0-0\" class=\"so-panel widget widget_sow-editor panel-first-child panel-last-child\" data-index=\"0\" ><div\n\t\t\t\n\t\t\tclass=\"so-widget-sow-editor so-widget-sow-editor-base\"\n\t\t\t\n\t\t>\n<div class=\"siteorigin-widget-tinymce textwidget\">\n\t<p>Somos caminhantes entusiastas de longa dist\u00e2ncia e adoramos estar na natureza por alguns dias de f\u00e9rias apenas com nossas mochilas! Por v\u00e1rios anos, tamb\u00e9m ficamos fascinados pelas trilhas de caminhada de longa dist\u00e2ncia mediterr\u00e2neas bastante desconhecidas.<\/p>\n<p>A combina\u00e7\u00e3o entre a serra e o mar e a oportunidade de ficarmos em alojamentos bonitos e sobretudo muito individuais \u00e9 sempre um motivo para sonharmos com as nossas pr\u00f3ximas f\u00e9rias de caminhadas!<\/p>\n<p>No entanto, o esfor\u00e7o de pesquisa antes do feriado costumava ser bastante grande e \u00e0s vezes fic\u00e1vamos realmente surpresos com o fato de algumas trilhas serem excelentemente projetadas e bem sinalizadas no local, mas ao mesmo tempo permaneciam totalmente desconhecidas na rede.<\/p>\n<p>Os editores de livros ao ar livre e caminhadas tamb\u00e9m parecem ignorar em grande parte as trilhas mediterr\u00e2neas de longa dist\u00e2ncia que tanto amamos: trilhas com seis a dez etapas provavelmente s\u00e3o muito curtas para preencher um livro inteiro. E o grupo-alvo potencial \u00e9 obviamente menor do que com livros de caminhada, que s\u00e3o voltados principalmente para excursionistas.<\/p>\n<p>Ent\u00e3o, em algum momento, come\u00e7amos a documentar on-line uma de nossas f\u00e9rias de caminhada para nos tornarmos mais conhecidos. A grande quantidade de feedback positivo nos estimulou a prosseguir com essa ideia - e, portanto, v\u00e1rios outros guias de caminhadas on-line foram criados nesse meio tempo! Voc\u00ea pode encontrar uma vis\u00e3o geral atualizada de nossos projetos de caminhada em<\/p>\n<p><a href=\"https:\/\/www.wanderndeluxe.de\/fernwanderwege\/\" target=\"_blank\" rel=\"noopener\">www.wanderndeluxe.de\/fernwanderwege\/<\/a><\/p>\n<p>Estamos ansiosos para compartilhar nosso entusiasmo por caminhadas com voc\u00ea!<\/p>\n<\/div>\n<\/div><\/div><\/div><div id=\"pgc-1638-0-1\"  class=\"panel-grid-cell\" ><div id=\"panel-1638-0-1-0\" class=\"so-panel widget widget_sow-image panel-first-child panel-last-child\" data-index=\"1\" ><div\n\t\t\t\n\t\t\tclass=\"so-widget-sow-image so-widget-sow-image-default-8b5b6f678277-1638\"\n\t\t\t\n\t\t>\n<div class=\"sow-image-container\">\n\t\t\t<a href=\"https:\/\/www.amalfi-wanderweg.de\/wp-content\/uploads\/wandern-an-der-amalfik\u00fcste-\u00fcber-uns.jpg\">\n\t\t\t<img loading=\"lazy\" decoding=\"async\" src=\"https:\/\/www.amalfi-wanderweg.de\/wp-content\/uploads\/wandern-an-der-amalfik\u00fcste-\u00fcber-uns.jpg\" width=\"800\" height=\"800\" srcset=\"https:\/\/www.amalfi-wanderweg.de\/wp-content\/uploads\/wandern-an-der-amalfik\u00fcste-\u00fcber-uns.jpg 800w, https:\/\/www.amalfi-wanderweg.de\/wp-content\/uploads\/wandern-an-der-amalfik\u00fcste-\u00fcber-uns-150x150.jpg 150w, https:\/\/www.amalfi-wanderweg.de\/wp-content\/uploads\/wandern-an-der-amalfik\u00fcste-\u00fcber-uns-300x300.jpg 300w\" sizes=\"auto, (max-width: 800px) 100vw, 800px\" alt=\"\" class=\"so-widget-image\">\n\t\t\t<\/a><\/div>\n\n<\/div><\/div><\/div><\/div><\/div>","protected":false},"excerpt":{"rendered":"<p>Wir sind begeisterte Fern-Wanderer und lieben es, im Urlaub f\u00fcr einige Tage nur mit dem Rucksack in der Natur unterwegs zu sein!\u00a0Seit einigen Jahren haben es uns zudem die eher unbekannten, mediterranen Fernwanderwege angetan. Die Kombination von Bergen und Meer\u00a0und die M\u00f6glichkeit, in sch\u00f6nen und meist sehr individuellen Unterk\u00fcnften\u00a0zu \u00fcbernachten, sind f\u00fcr uns immer wieder [&hellip;]<\/p>\n","protected":false},"author":1,"featured_media":0,"parent":0,"menu_order":0,"comment_status":"closed","ping_status":"closed","template":"","meta":{"footnotes":""},"class_list":["post-1638","page","type-page","status-publish","hentry","post"],"_links":{"self":[{"href":"https:\/\/www.amalfi-wanderweg.de\/pt\/wp-json\/wp\/v2\/pages\/1638","targetHints":{"allow":["GET"]}}],"collection":[{"href":"https:\/\/www.amalfi-wanderweg.de\/pt\/wp-json\/wp\/v2\/pages"}],"about":[{"href":"https:\/\/www.amalfi-wanderweg.de\/pt\/wp-json\/wp\/v2\/types\/page"}],"author":[{"embeddable":true,"href":"https:\/\/www.amalfi-wanderweg.de\/pt\/wp-json\/wp\/v2\/users\/1"}],"replies":[{"embeddable":true,"href":"https:\/\/www.amalfi-wanderweg.de\/pt\/wp-json\/wp\/v2\/comments?post=1638"}],"version-history":[{"count":0,"href":"https:\/\/www.amalfi-wanderweg.de\/pt\/wp-json\/wp\/v2\/pages\/1638\/revisions"}],"wp:attachment":[{"href":"https:\/\/www.amalfi-wanderweg.de\/pt\/wp-json\/wp\/v2\/media?parent=1638"}],"curies":[{"name":"wp","href":"https:\/\/api.w.org\/{rel}","templated":true}]}}

sobre nós

<div id="pl-1638"  class="panel-layout" ><div id="pg-1638-0"  class="panel-grid panel-no-style" ><div id="pgc-1638-0-0"  class="panel-grid-cell" ><div id="panel-1638-0-0-0" class="so-panel widget widget_sow-editor panel-first-child panel-last-child" data-index="0" ><div
			
			class="so-widget-sow-editor so-widget-sow-editor-base"
			
		>
<div class="siteorigin-widget-tinymce textwidget">
	<p>Somos caminhantes entusiastas de longa distância e adoramos estar na natureza por alguns dias de férias apenas com nossas mochilas! Por vários anos, também ficamos fascinados pelas trilhas de caminhada de longa distância mediterrâneas bastante desconhecidas.</p>
<p>A combinação entre a serra e o mar e a oportunidade de ficarmos em alojamentos bonitos e sobretudo muito individuais é sempre um motivo para sonharmos com as nossas próximas férias de caminhadas!</p>
<p>No entanto, o esforço de pesquisa antes do feriado costumava ser bastante grande e às vezes ficávamos realmente surpresos com o fato de algumas trilhas serem excelentemente projetadas e bem sinalizadas no local, mas ao mesmo tempo permaneciam totalmente desconhecidas na rede.</p>
<p>Os editores de livros ao ar livre e caminhadas também parecem ignorar em grande parte as trilhas mediterrâneas de longa distância que tanto amamos: trilhas com seis a dez etapas provavelmente são muito curtas para preencher um livro inteiro. E o grupo-alvo potencial é obviamente menor do que com livros de caminhada, que são voltados principalmente para excursionistas.</p>
<p>Então, em algum momento, começamos a documentar on-line uma de nossas férias de caminhada para nos tornarmos mais conhecidos. A grande quantidade de feedback positivo nos estimulou a prosseguir com essa ideia - e, portanto, vários outros guias de caminhadas on-line foram criados nesse meio tempo! Você pode encontrar uma visão geral atualizada de nossos projetos de caminhada em</p>
<p><a href="https://www.wanderndeluxe.de/fernwanderwege/" target="_blank" rel="noopener">www.wanderndeluxe.de/fernwanderwege/</a></p>
<p>Estamos ansiosos para compartilhar nosso entusiasmo por caminhadas com você!</p>
</div>
</div></div></div><div id="pgc-1638-0-1"  class="panel-grid-cell" ><div id="panel-1638-0-1-0" class="so-panel widget widget_sow-image panel-first-child panel-last-child" data-index="1" ><div
			
			class="so-widget-sow-image so-widget-sow-image-default-8b5b6f678277-1638"
			
		>
<div class="sow-image-container">
			<a href="https://www.amalfi-wanderweg.de/wp-content/uploads/wandern-an-der-amalfiküste-über-uns.jpg">
			<img loading="lazy" decoding="async" src="https://www.amalfi-wanderweg.de/wp-content/uploads/wandern-an-der-amalfiküste-über-uns.jpg" width="800" height="800" srcset="https://www.amalfi-wanderweg.de/wp-content/uploads/wandern-an-der-amalfiküste-über-uns.jpg 800w, https://www.amalfi-wanderweg.de/wp-content/uploads/wandern-an-der-amalfiküste-über-uns-150x150.jpg 150w, https://www.amalfi-wanderweg.de/wp-content/uploads/wandern-an-der-amalfiküste-über-uns-300x300.jpg 300w" sizes="auto, (max-width: 800px) 100vw, 800px" alt="" class="so-widget-image">
			</a></div>

</div></div></div></div></div>

<p>Wir sind begeisterte Fern-Wanderer und lieben es, im Urlaub für einige Tage nur mit dem Rucksack in der Natur unterwegs zu sein! Seit einigen Jahren haben es uns zudem die eher unbekannten, mediterranen Fernwanderwege angetan. Die Kombination von Bergen und Meer und die Möglichkeit, in schönen und meist sehr individuellen Unterkünften zu übernachten, sind für uns immer wieder [&hellip;]</p>
