{"id":10,"date":"2016-06-06T13:05:20","date_gmt":"2016-06-06T13:05:20","guid":{"rendered":"http:\/\/amalfi-wanderweg.de\/?page_id=10"},"modified":"2023-09-10T10:06:05","modified_gmt":"2023-09-10T08:06:05","slug":"pagina-iniziale","status":"publish","type":"page","link":"https:\/\/www.amalfi-wanderweg.de\/it\/","title":{"rendered":"Pagina iniziale"},"content":{"rendered":"<div id=\"pl-10\"  class=\"panel-layout\" ><div id=\"pg-10-0\"  class=\"panel-grid panel-no-style\" ><div id=\"pgc-10-0-0\"  class=\"panel-grid-cell\" ><div id=\"panel-10-0-0-0\" class=\"so-panel widget widget_text panel-first-child panel-last-child\" data-index=\"0\" ><h3 class=\"widget-title\">Da Salerno a Sorrento: tutta la Costiera Amalfitana a piedi!<\/h3>\t\t\t<div class=\"textwidget\"><p>La Costiera Amalfitana \u00e8 uno dei paesaggi costieri pi\u00f9 spettacolari al mondo ed \u00e8 un vero paradiso per gli escursionisti! Tanto pi\u00f9 sorprendente che il turismo escursionistico sia attualmente limitato quasi esclusivamente a un breve tratto, il &quot;Sentiero degli Dei&quot;.<\/p>\n<p>Per gli escursionisti di piacere con un&#039;affinit\u00e0 per l&#039;altitudine, c&#039;\u00e8 ancora molto da scoprire lontano dal &quot;Sentiero degli Dei&quot;: gran parte del sentiero escursionistico della Costiera Amalfitana qui descritto \u00e8 caratterizzato da solitudine, natura e tranquillit\u00e0! Sentieri ripidi e scalinati con vista sul mare blu intenso e piccoli borghi con campanili estremamente pittoreschi si alternano a sentieri pianeggianti tra vigneti, uliveti e piantagioni di limoni. I veri punti salienti sono i panorami delle isole e delle montagne della zona: a seconda della tappa, con il bel tempo si possono vedere il Vesuvio, il Golfo di Napoli o l&#039;isola di Capri.<\/p>\n<p>Il percorso escursionistico qui descritto conduce in sei tappe giornaliere abbastanza faticose da Salerno a est a Sorrento a ovest della Costiera Amalfitana e si snoda in gran parte lungo il sentiero escursionistico CAI 300 o lungo i suoi numerosi sentieri secondari, che hanno anche numeri CAI nel 300 gamma. I sentieri escursionistici sono gestiti dal Club Alpino Italiano &quot;CAI - Club Alpino Italiano&quot; e sono segnati in bianco e rosso.<\/p>\n<\/div>\n\t\t<\/div><\/div><div id=\"pgc-10-0-1\"  class=\"panel-grid-cell\" ><div id=\"panel-10-0-1-0\" class=\"so-panel widget widget_sow-image panel-first-child panel-last-child\" data-index=\"1\" ><div\n\t\t\t\n\t\t\tclass=\"so-widget-sow-image so-widget-sow-image-default-dbf295114b96-10\"\n\t\t\t\n\t\t>\n<div class=\"sow-image-container\">\n\t\t\t<a href=\"https:\/\/www.amalfi-wanderweg.de\/wp-content\/uploads\/2016\/06\/Amalfiwanderweg-alta-via-CAI300.jpg\"\n\t\t\t\t\t>\n\t\t\t<img \n\tsrc=\"https:\/\/www.amalfi-wanderweg.de\/wp-content\/uploads\/2016\/06\/Amalfiwanderweg-alta-via-CAI300.jpg\" width=\"1200\" height=\"616\" srcset=\"https:\/\/www.amalfi-wanderweg.de\/wp-content\/uploads\/2016\/06\/Amalfiwanderweg-alta-via-CAI300.jpg 1200w, https:\/\/www.amalfi-wanderweg.de\/wp-content\/uploads\/2016\/06\/Amalfiwanderweg-alta-via-CAI300-300x154.jpg 300w, https:\/\/www.amalfi-wanderweg.de\/wp-content\/uploads\/2016\/06\/Amalfiwanderweg-alta-via-CAI300-768x394.jpg 768w, https:\/\/www.amalfi-wanderweg.de\/wp-content\/uploads\/2016\/06\/Amalfiwanderweg-alta-via-CAI300-1024x526.jpg 1024w\" sizes=\"(max-width: 1200px) 100vw, 1200px\" title=\"L&#039;escursione si snoda direttamente sul CAI-300 o su sentieri paralleli.\" alt=\"Sentiero escursionistico amalfitano - alta via CAI300\" \t\tclass=\"so-widget-image\"\/>\n\t\t\t<\/a><\/div>\n\n<h3 class=\"widget-title\">L&#039;escursione si snoda direttamente sul CAI-300 o su sentieri paralleli.<\/h3><\/div><\/div><\/div><\/div><div id=\"pg-10-1\"  class=\"panel-grid panel-no-style\" ><div id=\"pgc-10-1-0\"  class=\"panel-grid-cell\" ><div id=\"panel-10-1-0-0\" class=\"so-panel widget widget_sow-image panel-first-child panel-last-child\" data-index=\"2\" ><div\n\t\t\t\n\t\t\tclass=\"so-widget-sow-image so-widget-sow-image-default-dbf295114b96-10\"\n\t\t\t\n\t\t>\n<div class=\"sow-image-container\">\n\t\t\t<a href=\"https:\/\/www.amalfi-wanderweg.de\/wp-content\/uploads\/Amalfik\u00fcste-Wandern-auf-dem-CAI-300-rot-wei\u00dfe-Markaturen-weise-den-Weg.jpg\"\n\t\t\t\t\t>\n\t\t\t<img loading=\"lazy\" decoding=\"async\" src=\"https:\/\/www.amalfi-wanderweg.de\/wp-content\/uploads\/Amalfik\u00fcste-Wandern-auf-dem-CAI-300-rot-wei\u00dfe-Markaturen-weise-den-Weg.jpg\" width=\"800\" height=\"600\" srcset=\"\" sizes=\"auto, (max-width: 800px) 100vw, 800px\" title=\"Escursione sul CAI 300 - il sentiero non \u00e8 sempre ben segnalato come qui!\" alt=\"\" class=\"so-widget-image\" data-srcset=\"\">\n\t\t\t<\/a><\/div>\n\n<h3 class=\"widget-title\">Escursione sul CAI 300 - il sentiero non \u00e8 sempre ben segnalato come qui!<\/h3><\/div><\/div><\/div><div id=\"pgc-10-1-1\"  class=\"panel-grid-cell\" ><div id=\"panel-10-1-1-0\" class=\"so-panel widget widget_sow-editor panel-first-child\" data-index=\"3\" ><div\n\t\t\t\n\t\t\tclass=\"so-widget-sow-editor so-widget-sow-editor-base\"\n\t\t\t\n\t\t><h3 class=\"widget-title\">Tanti metri di dislivello, pochi bagagli e &quot;Dolce Vita&quot; ogni sera<\/h3>\n<div class=\"siteorigin-widget-tinymce textwidget\">\n\t<p>Amiamo le vacanze escursionistiche con tanti metri di dislivello, pochi bagagli e belle sistemazioni!<br \/>\nE anche per questi ultimi la Costiera Amalfitana con i suoi numerosi affittacamere e bed and breakfast, alcuni dei quali gestiti con molta cura, \u00e8 l&#039;ideale! Abbiamo percorso il percorso a maggio 2016 e l&#039;abbiamo adorato!<\/p>\n<p>Dopo aver ricevuto cos\u00ec tanti feedback positivi alcuni anni fa su un suggerimento escursionistico, abbiamo elaborato su La Gomera (<a href=\"https:\/\/www.rundwanderung-lagomera.de\" target=\"_blank\" rel=\"noopener\">www.rundwandern-lagomera.de<\/a>), abbiamo anche progettato un sito Web, auspicabilmente informativo, per questo percorso escursionistico lungo la Costiera Amalfitana.<\/p>\n<p>Buon divertimento con le escursioni!<\/p>\n<p><strong>Franco<\/strong><\/p>\n<\/div>\n<\/div><\/div><div id=\"panel-10-1-1-1\" class=\"so-panel widget widget_sow-image panel-last-child\" data-index=\"4\" ><div\n\t\t\t\n\t\t\tclass=\"so-widget-sow-image so-widget-sow-image-default-9a1bae7b43a8-10\"\n\t\t\t\n\t\t>\n<div class=\"sow-image-container\">\n\t\t<img loading=\"lazy\" decoding=\"async\" src=\"https:\/\/www.amalfi-wanderweg.de\/wp-content\/uploads\/Profil-Frank-2020-150x150.jpg\" width=\"150\" height=\"150\" srcset=\"https:\/\/www.amalfi-wanderweg.de\/wp-content\/uploads\/Profil-Frank-2020-150x150.jpg 150w, https:\/\/www.amalfi-wanderweg.de\/wp-content\/uploads\/Profil-Frank-2020-300x300.jpg 300w, https:\/\/www.amalfi-wanderweg.de\/wp-content\/uploads\/Profil-Frank-2020.jpg 696w\" sizes=\"auto, (max-width: 150px) 100vw, 150px\" alt=\"\" class=\"so-widget-image\">\n\t<\/div>\n\n<h3 class=\"widget-title\"><\/h3><\/div><\/div><\/div><\/div><div id=\"pg-10-2\"  class=\"panel-grid panel-no-style\" ><div id=\"pgc-10-2-0\"  class=\"panel-grid-cell panel-grid-cell-mobile-last\" ><div id=\"panel-10-2-0-0\" class=\"so-panel widget widget_sow-image panel-first-child\" data-index=\"5\" ><div\n\t\t\t\n\t\t\tclass=\"so-widget-sow-image so-widget-sow-image-default-8b5b6f678277-10\"\n\t\t\t\n\t\t>\n<div class=\"sow-image-container\">\n\t\t\t<a href=\"https:\/\/www.amalfi-wanderweg.de\/wp-content\/uploads\/wundersch\u00f6ne-Pflanzenwelt-an-der-Amalfik\u00fcste.jpg\">\n\t\t\t<img loading=\"lazy\" decoding=\"async\" src=\"https:\/\/www.amalfi-wanderweg.de\/wp-content\/uploads\/wundersch\u00f6ne-Pflanzenwelt-an-der-Amalfik\u00fcste.jpg\" width=\"1200\" height=\"392\" srcset=\"https:\/\/www.amalfi-wanderweg.de\/wp-content\/uploads\/wundersch\u00f6ne-Pflanzenwelt-an-der-Amalfik\u00fcste.jpg 1200w, https:\/\/www.amalfi-wanderweg.de\/wp-content\/uploads\/wundersch\u00f6ne-Pflanzenwelt-an-der-Amalfik\u00fcste-150x49.jpg 150w, https:\/\/www.amalfi-wanderweg.de\/wp-content\/uploads\/wundersch\u00f6ne-Pflanzenwelt-an-der-Amalfik\u00fcste-300x98.jpg 300w, https:\/\/www.amalfi-wanderweg.de\/wp-content\/uploads\/wundersch\u00f6ne-Pflanzenwelt-an-der-Amalfik\u00fcste-1024x335.jpg 1024w, https:\/\/www.amalfi-wanderweg.de\/wp-content\/uploads\/wundersch\u00f6ne-Pflanzenwelt-an-der-Amalfik\u00fcste-800x261.jpg 800w, https:\/\/www.amalfi-wanderweg.de\/wp-content\/uploads\/wundersch\u00f6ne-Pflanzenwelt-an-der-Amalfik\u00fcste-600x196.jpg 600w\" sizes=\"auto, (max-width: 1200px) 100vw, 1200px\" title=\"bella flora della Costiera Amalfitana\" alt=\"\" class=\"so-widget-image\">\n\t\t\t<\/a><\/div>\n\n<h3 class=\"widget-title\">bella flora della Costiera Amalfitana<\/h3><\/div><\/div><div id=\"panel-10-2-0-1\" class=\"so-panel widget widget_sow-editor panel-last-child\" data-index=\"6\" ><div\n\t\t\t\n\t\t\tclass=\"so-widget-sow-editor so-widget-sow-editor-base\"\n\t\t\t\n\t\t><h3 class=\"widget-title\">Il sentiero escursionistico a lunga percorrenza sulla stampa | Mappe escursionistiche PDF su www.wanderndeluxe.de<\/h3>\n<div class=\"siteorigin-widget-tinymce textwidget\">\n\t<p><strong>Notizia:<\/strong><\/p>\n<p>Il Sentiero a lunga percorrenza amalfitana sulla stampa: <a href=\"https:\/\/www.amalfi-wanderweg.de\/it\/rapporti-stampa\/\">amalfi-wanderweg.de\/press-reports\/<\/a><\/p>\n<p><a href=\"https:\/\/www.wanderndeluxe.de\/\" target=\"_blank\" rel=\"noopener\">www.wanderndeluxe.de<\/a>: L\u00ec troverai altre escursioni a lunga distanza nel Mediterraneo e un negozio di mappe escursionistiche PDF da stampare e alcuni eBook (<a href=\"https:\/\/www.wanderndeluxe.de\/shop\/\" target=\"_blank\" rel=\"noopener\">www.wanderndeluxe.de\/shop\/<\/a>).<\/p>\n<p>&nbsp;<\/p>\n<\/div>\n<\/div><\/div><\/div><div id=\"pgc-10-2-1\"  class=\"panel-grid-cell panel-grid-cell-empty\" ><\/div><\/div><\/div>","protected":false},"excerpt":{"rendered":"<p>Die Amalfik\u00fcste geh\u00f6rt zu den spektakul\u00e4rsten K\u00fcstenlandschaften der Welt und ist ein wahres Wanderparadies! Um so \u00fcberraschender ist es, dass sich der Wandertourismus zur Zeit fast ausschlie\u00dflich auf ein kurzes Teilst\u00fcck beschr\u00e4nkt, den &#8222;Sentiero degli Dei&#8220; (Pfad der G\u00f6tter). F\u00fcr H\u00f6henmeter-affine Genu\u00dfwanderer gibt es also abseits des &#8222;Sentiero degli Dei&#8220; noch einiges zu entdecken: gro\u00dfe [&hellip;]<\/p>\n","protected":false},"author":1,"featured_media":0,"parent":0,"menu_order":0,"comment_status":"closed","ping_status":"closed","template":"home-panels.php","meta":{"footnotes":""},"class_list":["post-10","page","type-page","status-publish","hentry","post"],"_links":{"self":[{"href":"https:\/\/www.amalfi-wanderweg.de\/it\/wp-json\/wp\/v2\/pages\/10","targetHints":{"allow":["GET"]}}],"collection":[{"href":"https:\/\/www.amalfi-wanderweg.de\/it\/wp-json\/wp\/v2\/pages"}],"about":[{"href":"https:\/\/www.amalfi-wanderweg.de\/it\/wp-json\/wp\/v2\/types\/page"}],"author":[{"embeddable":true,"href":"https:\/\/www.amalfi-wanderweg.de\/it\/wp-json\/wp\/v2\/users\/1"}],"replies":[{"embeddable":true,"href":"https:\/\/www.amalfi-wanderweg.de\/it\/wp-json\/wp\/v2\/comments?post=10"}],"version-history":[{"count":17,"href":"https:\/\/www.amalfi-wanderweg.de\/it\/wp-json\/wp\/v2\/pages\/10\/revisions"}],"predecessor-version":[{"id":63791,"href":"https:\/\/www.amalfi-wanderweg.de\/it\/wp-json\/wp\/v2\/pages\/10\/revisions\/63791"}],"wp:attachment":[{"href":"https:\/\/www.amalfi-wanderweg.de\/it\/wp-json\/wp\/v2\/media?parent=10"}],"curies":[{"name":"parola chiave","href":"https:\/\/api.w.org\/{rel}","templated":true}]}}

<div id="pl-10"  class="panel-layout" ><div id="pg-10-0"  class="panel-grid panel-no-style" ><div id="pgc-10-0-0"  class="panel-grid-cell" ><div id="panel-10-0-0-0" class="so-panel widget widget_text panel-first-child panel-last-child" data-index="0" ><h3 class="widget-title">Da Salerno a Sorrento: tutta la Costiera Amalfitana a piedi!</h3>			<div class="textwidget"><p>La Costiera Amalfitana è uno dei paesaggi costieri più spettacolari al mondo ed è un vero paradiso per gli escursionisti! Tanto più sorprendente che il turismo escursionistico sia attualmente limitato quasi esclusivamente a un breve tratto, il &quot;Sentiero degli Dei&quot;.</p>
<p>Per gli escursionisti di piacere con un&#039;affinità per l&#039;altitudine, c&#039;è ancora molto da scoprire lontano dal &quot;Sentiero degli Dei&quot;: gran parte del sentiero escursionistico della Costiera Amalfitana qui descritto è caratterizzato da solitudine, natura e tranquillità! Sentieri ripidi e scalinati con vista sul mare blu intenso e piccoli borghi con campanili estremamente pittoreschi si alternano a sentieri pianeggianti tra vigneti, uliveti e piantagioni di limoni. I veri punti salienti sono i panorami delle isole e delle montagne della zona: a seconda della tappa, con il bel tempo si possono vedere il Vesuvio, il Golfo di Napoli o l&#039;isola di Capri.</p>
<p>Il percorso escursionistico qui descritto conduce in sei tappe giornaliere abbastanza faticose da Salerno a est a Sorrento a ovest della Costiera Amalfitana e si snoda in gran parte lungo il sentiero escursionistico CAI 300 o lungo i suoi numerosi sentieri secondari, che hanno anche numeri CAI nel 300 gamma. I sentieri escursionistici sono gestiti dal Club Alpino Italiano &quot;CAI - Club Alpino Italiano&quot; e sono segnati in bianco e rosso.</p>
</div>
		</div></div><div id="pgc-10-0-1"  class="panel-grid-cell" ><div id="panel-10-0-1-0" class="so-panel widget widget_sow-image panel-first-child panel-last-child" data-index="1" ><div
			
			class="so-widget-sow-image so-widget-sow-image-default-dbf295114b96-10"
			
		>
<div class="sow-image-container">
			<a href="https://www.amalfi-wanderweg.de/wp-content/uploads/2016/06/Amalfiwanderweg-alta-via-CAI300.jpg"
					>
			<img 
	src="https://www.amalfi-wanderweg.de/wp-content/uploads/2016/06/Amalfiwanderweg-alta-via-CAI300.jpg" width="1200" height="616" srcset="https://www.amalfi-wanderweg.de/wp-content/uploads/2016/06/Amalfiwanderweg-alta-via-CAI300.jpg 1200w, https://www.amalfi-wanderweg.de/wp-content/uploads/2016/06/Amalfiwanderweg-alta-via-CAI300-300x154.jpg 300w, https://www.amalfi-wanderweg.de/wp-content/uploads/2016/06/Amalfiwanderweg-alta-via-CAI300-768x394.jpg 768w, https://www.amalfi-wanderweg.de/wp-content/uploads/2016/06/Amalfiwanderweg-alta-via-CAI300-1024x526.jpg 1024w" sizes="(max-width: 1200px) 100vw, 1200px" title="L&#039;escursione si snoda direttamente sul CAI-300 o su sentieri paralleli." alt="Sentiero escursionistico amalfitano - alta via CAI300" 		class="so-widget-image"/>
			</a></div>

<h3 class="widget-title">L&#039;escursione si snoda direttamente sul CAI-300 o su sentieri paralleli.</h3></div></div></div></div><div id="pg-10-1"  class="panel-grid panel-no-style" ><div id="pgc-10-1-0"  class="panel-grid-cell" ><div id="panel-10-1-0-0" class="so-panel widget widget_sow-image panel-first-child panel-last-child" data-index="2" ><div
			
			class="so-widget-sow-image so-widget-sow-image-default-dbf295114b96-10"
			
		>
<div class="sow-image-container">
			<a href="https://www.amalfi-wanderweg.de/wp-content/uploads/Amalfiküste-Wandern-auf-dem-CAI-300-rot-weiße-Markaturen-weise-den-Weg.jpg"
					>
			<img loading="lazy" decoding="async" src="https://www.amalfi-wanderweg.de/wp-content/uploads/Amalfiküste-Wandern-auf-dem-CAI-300-rot-weiße-Markaturen-weise-den-Weg.jpg" width="800" height="600" srcset="" sizes="auto, (max-width: 800px) 100vw, 800px" title="Escursione sul CAI 300 - il sentiero non è sempre ben segnalato come qui!" alt="" class="so-widget-image" data-srcset="">
			</a></div>

<h3 class="widget-title">Escursione sul CAI 300 - il sentiero non è sempre ben segnalato come qui!</h3></div></div></div><div id="pgc-10-1-1"  class="panel-grid-cell" ><div id="panel-10-1-1-0" class="so-panel widget widget_sow-editor panel-first-child" data-index="3" ><div
			
			class="so-widget-sow-editor so-widget-sow-editor-base"
			
		><h3 class="widget-title">Tanti metri di dislivello, pochi bagagli e &quot;Dolce Vita&quot; ogni sera</h3>
<div class="siteorigin-widget-tinymce textwidget">
	<p>Amiamo le vacanze escursionistiche con tanti metri di dislivello, pochi bagagli e belle sistemazioni!<br />
E anche per questi ultimi la Costiera Amalfitana con i suoi numerosi affittacamere e bed and breakfast, alcuni dei quali gestiti con molta cura, è l&#039;ideale! Abbiamo percorso il percorso a maggio 2016 e l&#039;abbiamo adorato!</p>
<p>Dopo aver ricevuto così tanti feedback positivi alcuni anni fa su un suggerimento escursionistico, abbiamo elaborato su La Gomera (<a href="https://www.rundwanderung-lagomera.de" target="_blank" rel="noopener">www.rundwandern-lagomera.de</a>), abbiamo anche progettato un sito Web, auspicabilmente informativo, per questo percorso escursionistico lungo la Costiera Amalfitana.</p>
<p>Buon divertimento con le escursioni!</p>
<p><strong>Franco</strong></p>
</div>
</div></div><div id="panel-10-1-1-1" class="so-panel widget widget_sow-image panel-last-child" data-index="4" ><div
			
			class="so-widget-sow-image so-widget-sow-image-default-9a1bae7b43a8-10"
			
		>
<div class="sow-image-container">
		<img loading="lazy" decoding="async" src="https://www.amalfi-wanderweg.de/wp-content/uploads/Profil-Frank-2020-150x150.jpg" width="150" height="150" srcset="https://www.amalfi-wanderweg.de/wp-content/uploads/Profil-Frank-2020-150x150.jpg 150w, https://www.amalfi-wanderweg.de/wp-content/uploads/Profil-Frank-2020-300x300.jpg 300w, https://www.amalfi-wanderweg.de/wp-content/uploads/Profil-Frank-2020.jpg 696w" sizes="auto, (max-width: 150px) 100vw, 150px" alt="" class="so-widget-image">
	</div>

<h3 class="widget-title"></h3></div></div></div></div><div id="pg-10-2"  class="panel-grid panel-no-style" ><div id="pgc-10-2-0"  class="panel-grid-cell panel-grid-cell-mobile-last" ><div id="panel-10-2-0-0" class="so-panel widget widget_sow-image panel-first-child" data-index="5" ><div
			
			class="so-widget-sow-image so-widget-sow-image-default-8b5b6f678277-10"
			
		>
<div class="sow-image-container">
			<a href="https://www.amalfi-wanderweg.de/wp-content/uploads/wunderschöne-Pflanzenwelt-an-der-Amalfiküste.jpg">
			<img loading="lazy" decoding="async" src="https://www.amalfi-wanderweg.de/wp-content/uploads/wunderschöne-Pflanzenwelt-an-der-Amalfiküste.jpg" width="1200" height="392" srcset="https://www.amalfi-wanderweg.de/wp-content/uploads/wunderschöne-Pflanzenwelt-an-der-Amalfiküste.jpg 1200w, https://www.amalfi-wanderweg.de/wp-content/uploads/wunderschöne-Pflanzenwelt-an-der-Amalfiküste-150x49.jpg 150w, https://www.amalfi-wanderweg.de/wp-content/uploads/wunderschöne-Pflanzenwelt-an-der-Amalfiküste-300x98.jpg 300w, https://www.amalfi-wanderweg.de/wp-content/uploads/wunderschöne-Pflanzenwelt-an-der-Amalfiküste-1024x335.jpg 1024w, https://www.amalfi-wanderweg.de/wp-content/uploads/wunderschöne-Pflanzenwelt-an-der-Amalfiküste-800x261.jpg 800w, https://www.amalfi-wanderweg.de/wp-content/uploads/wunderschöne-Pflanzenwelt-an-der-Amalfiküste-600x196.jpg 600w" sizes="auto, (max-width: 1200px) 100vw, 1200px" title="bella flora della Costiera Amalfitana" alt="" class="so-widget-image">
			</a></div>

<h3 class="widget-title">bella flora della Costiera Amalfitana</h3></div></div><div id="panel-10-2-0-1" class="so-panel widget widget_sow-editor panel-last-child" data-index="6" ><div
			
			class="so-widget-sow-editor so-widget-sow-editor-base"
			
		><h3 class="widget-title">Il sentiero escursionistico a lunga percorrenza sulla stampa | Mappe escursionistiche PDF su www.wanderndeluxe.de</h3>
<div class="siteorigin-widget-tinymce textwidget">
	<p><strong>Notizia:</strong></p>
<p>Il Sentiero a lunga percorrenza amalfitana sulla stampa: <a href="https://www.amalfi-wanderweg.de/it/rapporti-stampa/">amalfi-wanderweg.de/press-reports/</a></p>
<p><a href="https://www.wanderndeluxe.de/" target="_blank" rel="noopener">www.wanderndeluxe.de</a>: Lì troverai altre escursioni a lunga distanza nel Mediterraneo e un negozio di mappe escursionistiche PDF da stampare e alcuni eBook (<a href="https://www.wanderndeluxe.de/shop/" target="_blank" rel="noopener">www.wanderndeluxe.de/shop/</a>).</p>
<p>&nbsp;</p>
</div>
</div></div></div><div id="pgc-10-2-1"  class="panel-grid-cell panel-grid-cell-empty" ></div></div></div>

<p>Die Amalfiküste gehört zu den spektakulärsten Küstenlandschaften der Welt und ist ein wahres Wanderparadies! Um so überraschender ist es, dass sich der Wandertourismus zur Zeit fast ausschließlich auf ein kurzes Teilstück beschränkt, den &#8222;Sentiero degli Dei&#8220; (Pfad der Götter). Für Höhenmeter-affine Genußwanderer gibt es also abseits des &#8222;Sentiero degli Dei&#8220; noch einiges zu entdecken: große [&hellip;]</p>
